the value of -101 + 119 - (5 - (-8 - -3) - 6) - 62?
-48
Evaluate -5 + 31 + -106 + 7 + -5 + -12.
-90
What is 30 - ((12 - -1) + (-42 - -10 - -14))?
35
-22 - ((-30 - 28) + 26)
10
Calculate (2 - 36) + -3 + 7 + (-6 + 30 - 23).
-29
-23 + (-447 + 437 - (-2 - -30))
-61
Evaluate (-14 - -12) + 2 + -22 + (195 - 68).
105
Calculate 34 + -3 + 1 - (127 + -87 + -37).
29
11 - -20 - (-9 + 8 - -8)
24
What is the value of -8 - (-8 + 20 + -8) - 1 - -53?
40
Evaluate -153 + 93 + -26 + 88.
2
Evaluate -163 + -105 + 289 + -13 + (2 - 3).
7
What is the value of 27 - (-72 - -52) - (14 + -3)?
36
Evaluate (-20 - -7 - (57 - -7) - -11) + -6 + 10.
-62
Evaluate 3 - (-42 - (21 + -18 + -24)).
24
What is the value of 4 + (-63 - -49) + (-34 - (1 + 0))?
-45
What is the value of -9 + 12 + 45 + -140?
-92
13 + (-22 - (-23 + (21 - 8) - -2))
-1
Calculate 1 + 10 - 2 - (62 - ((-49 - -28) + 27)).
-47
What is the value of (83 - 145) + 56 + (28 - 1)?
21
Calculate 130 - (109 + -47) - 56.
12
62 + -2 + (34 + -26 - (3 + -4)) + -5
64
Evaluate -226 + 235 - (13 - (0 - (5 - 3))).
-6
-60 + 45 + (-15 - -4) + 35
9
What is the value of 14 + -47 + (-1 - 19 - -17)?
-36
What is -1644 - -1709 - (3 + 109)?
-47
Calculate -35 + 166 + -87 + 21.
65
What is the value of (-57 + 15 + -9 - -13) + 21 - -45?
28
Evaluate -54 - -1 - (1066 - 1096).
-23
(-181 - (-279 - -102)) + (-7 + 1 + 1 - -2)
-7
Evaluate (-2 + 36 - (7 + 26 + -27)) + -11.
17
33 + (4 - (-5 + -5 + 10 + 1 + 2))
34
(32 - 37) + (4 - (-4 - -2)) + -10 + -34
-43
Calculate 2 + 31 + (12 - (-9 + 16) - 17).
21
What is the value of 20 - ((21 - -2) + (229 - 328) + -18)?
114
Calculate (89 - 88) + 101 - 48.
54
What is the value of (-86 - (-169 - -6)) + -15?
62
What is (-42 - 56 - -40) + 43?
-15
What is -4 - -9 - ((-70 - -84) + (-3 - -7) - -38)?
-51
What is 8 - (40 + 16 + -9 + (11 - 17))?
-33
What is the value of 2 - (-9 - (1 + (-57 - 0) + 221 + -224))?
-48
Evaluate (11 - ((11 - 20) + 3)) + (-1 - -78).
94
What is the value of 47 + (23 - 45 - 16)?
9
What is 0 + 4 - (39 + (-43 - 46) + (-5 - 0))?
59
Evaluate -70 + -7 - 11 - (9 + (30 - 32)).
-95
What is the value of (8 - -12) + (54 - 32) + -57?
-15
What is the value of 44 + 32 + -19 - 48?
9
Evaluate (21 - -1) + 1095 + -1154.
-37
Evaluate -24 + (2 - -4 - -85).
67
What is the value of 32 + -2 + 0 + 11 + -24 + 10?
27
What is the value of 25 + -3 - (32 - (4 - -11))?
5
703 - 626 - (-3 - 13)
93
Evaluate -15 - (9 + (-8 - 51)).
35
Evaluate 0 - (-26 + 1 - (-68 + 27)).
-16
Evaluate -474 + 492 + -2 + (3 - 76).
-57
What is -153 + 117 + 19 + 13?
-4
Evaluate 1 + -2 + -75 - (-25 + (16 - (-19 - -8))).
-78
What is (-1 - 1) + -12 + -53 + 85 + (20 - -30)?
68
Calculate 17 - ((83 - (-2 + 2)) + -2342 + 2355).
-79
Calculate -27 - ((-30 - 1) + (311 - 229)).
-78
What is -21 + (-362 - -388) + (2 - 52)?
-45
What is the value of 47 + -68 + (-6 - (3 + -8 + -1) - -2)?
-19
-1 - 3 - (30 - (9 + 14 + -4))
-15
Evaluate (-125 - -53) + 201 - 32.
97
(-2 + -2 - (-36 + (57 - 33))) + -41
-33
33 + (-46 - -40) - 6 - -39
60
-149 + 67 + 24 - 16
-74
Calculate 0 + 23 - (174 - -120 - 185).
-86
-30 + (5 - -16) + -80
-89
Calculate -2 + (-5 - -87) + -12 + (-8 - -7 - -3).
70
Calculate (250 - 227) + (1 + 20 - 2).
42
What is the value of -48 - (74 + -41 - 41)?
-40
Calculate (43 - -145 - 130) + 71.
129
What is the value of 2 - 16 - (72 - 76 - 35)?
25
Calculate -1 + -17 + -25 + 8 + -53.
-88
3 + -27 + 4 + (45 - 32)
-7
What is 3634 + -3601 - (14 + 1) - (0 + -1 + 8)?
11
What is the value of 16 - (11 + (-85 - -79))?
11
Calculate -2 - -37 - 78 - 15.
-58
What is the value of -1 - 35 - (11 - (-30 - -23))?
-54
Evaluate (-4 + (11 - 7) - 8) + (6 + -6 - -22).
14
Calculate 23 + 0 + 9 - 66.
-34
(6 - (73 - -24)) + 0
-91
9 + (9 - (3 + 30)) - (52 - 53)
-14
Evaluate -53 + (-110 - -16) - ((-6 - (1 + -3)) + -1).
-142
Calculate -7 + -10 + 14 + 19 + -21.
-5
Evaluate 803 - 827 - (1 - (159 + (3 - -1))).
138
(20 - 24) + 126 + -136 + 1 + 45
32
What is the value of 62 - (106 + 71 + -21)?
-94
What is the value of (0 - (46 - -4 - 25)) + 0 + -1?
-26
Evaluate -22 - ((4 - -5) + -11 - (8 - (1 - -6))).
-19
What is the value of 598 - 610 - (-57 + -3)?
48
What is the value of -23 - -8 - (-16 - 30)?
31
What is 1 + -11 + (-7 - -9 - -62) + 4 + -1?
57
Calculate -3845 - -3833 - (4 + -2 + -14).
0
What is the value of (1236 - 1112) + 0 + -60?
64
86 - (15 - (-1 + 6 + (23 - 15) + 2))
86
What is the value of (15 - (6 + -1 + 5)) + (27 - (0 + -6))?
38
Evaluate -14 + 73 - (3 + (13 - (-8 + -3 + 14))).
46
Evaluate 25 + (-18 + 7 + 2 - (-11 - -14)).
13
-34 + 100 + (-22 - 10)
34
What is the value of -9 + (-9 - -27) - (-9 - -3) - 66?
-51
What is the value of -41 + 31 + (1 - 6) - -5 - (258 - 145)?
-123
What is the value of (1436 - 1485) + -2 + 2?
-49
What is (-31 - (-11 - (0 - -4))) + (-1 - 29)?
-46
-648 + 644 - (36 + -3)
-37
Calculate 146 + (15 + -73 + 22 - -8).
118
Evaluate 209 + 43 + -172 - 80.
0
Calculate 4 + (52 - (19 - (-1 + -1 + 7))).
42
What is (0 - -1) + -13 - (-13 + 50 + -266 - -108)?
109
Calculate 53 - (-7 - -17) - (50 - -12).
-19
Calculate 434 - 301 - (52 + 2).
79
What is the value of -6 - ((77 - 9) + -37)?
-37
What is (-5 - 2) + (448 - 580) + 32 + 2?
-105
4 + (-4 - (-1 - 3 - (121 + -136)))
-11
What is -17 + -30 + 17 + 22?
-8
What is the value of (82 - (1 - 2)) + (-101 - -308) + -199?
91
What is the value of (-3 + 11 - 9 - -8) + (3 + 3 - -75)?
88
5 - (3 + -4 + 13 - (-31 + 62))
24
Calculate (24 + 26 - -33) + -106.
-23
Evaluate 28 + (125 - (-120 - -150)).
123
What is the value of -6325 + 6320 + -2 + (0 - 16) + -3?
-26
Evaluate 74 + -35 + -119 + 46.
-34
Evaluate 59 - (119 + -77 - -70).
-53
What is -1438 - -1410 - (-5 + 1)?
-24
Evaluate 133 + (29 - 0) + (-808 - -775).
129
Evaluate -55 - (-62 - -36 - 24).
-5
2 + -3 + -8 + (70 - 53) - (0 - -2)
6
What is 240 - 241 - (-2 - (0 - 65))?
-64
What is -59 + (-3 + 28 - 21)?
-55
Evaluate 3 + (-18 - -3) + (-19 - (7 + -31)).
-7
What is (-3 - -3) + (2 - (12 - 35)) - -9?
34
What is the value of -15 + 32 + -15 + -5 - (-18 + -3)?
18
What is the value of -12 + 3 + -5 + -98 + 78?
-34
Evaluate 22 + (-7 + -4 - (9 - 8 - 8)) - -2.
20
What is the value of (65 - 58) + (-14 + -8 - -9) + -2?
-8
-2 + (-10 + 3 - 5 - -13 - -10) + -97
-88
What is the value of (-16 - 1) + (-260 + 516 - 199)?
40
0 - -28 - (-68 - (-90 + -51))
-45
What is the value of 18 + -5 + -24 + 17 + (-10 - 1)?
-5
What is the value of 25 + -5 + -58 + -44?
-82
Evaluate -78 - (40 + (51 - 154)).
-15
What is the value of -47 + (13 - -16) - (1 + -5 + -6) - 25?
-33
-37 - ((1 - -34) + 3154 + -3146)
-80
What is the value of -114 + (36 - (-1 - 31))?
-46
What is -1 - 0 - 6 - (-93 + (122 - 68))?
32
What is 26 + (39 - 39 - 21)?
5
What is (103 - (-3 - 0) - (-28 - 20 - -61)) + -9?
84
29 + -65 + 104 + 51
119
Evaluate 7 - (-18 + -3 + -2 + (10 - 25)).
45
Evaluate (-8 - (14 - (-2 + 15)) - -12) + -33.
-30
Calculate 16 - (7 - (5 + -1 + 7)).
20
What is (6 - 4) + 5 + -2 - (1400 - 1370)?
-25
What is the value of 4 - (-17 + 46) - (-6 - (7 - 9 - -5))?
-16
What is (-6 - (11 - -4) - -20) + 32?
31
What is the value of 33 + (-16 - (6 - (1 - (-20 - -9))))?
23
Calculate (1 - -2 - (22 + -18 + -2)) + 29 - -1.
31
Calculate -82 - -59 - -107 - 157.
-73
Evaluate 3 - 6 - (-220 + 252).
-35
What is -21 - (2 - (94 + -31))?
40
What is the value of (-19 - 0) + (-5 - -85)?
61
Evaluate (5 - -1) + -33 + (32 - (62 + -65)).
8
Evaluate 0 + -32 + 134 + -140.
-38
Evaluate 67 - (-60 + 129) - (-2 - 0 - -12).
-12
251 + -255 + (5 + 0 - -2)
3
-59 - 0 - (3941 - 3989)
-11
-113 + -107 + 217 + (-1 - -22)
18
What is the value of (-129 - (-1 + 1)) + 610 + -690 + 83?
-126
What is 16 + (-10 + 0 - ((-13 - 12) + (27 - 17)))?
21
Evaluate -24 + (-10 - (10 - 22)) + -5 + (-3 - -19).
-11
What is the value of 3 + -38 - ((-117 - -110) + 65)?
-93
104 - 1 - (-198 - -110 - -89)
102
What is (25 - 0) + 0 - (-2963 - -2938)?
50
What is the value of -75 + (-9 - (-13 + -34))?
-37
What is -35 + -5 - (-3 - (-18 - (5 + -12)))?
-48
What is 15 + 65 + 14 + -48?
46
What is the value of -46 + (39 - -7) + (0 - -11) + -51?
-40
What is -162 + 227 - (1 - 13) - (1 + (-7 - -3))?
80
-87 + (-68 - 16) + 143
-28
(15 - -4) + -11 + -102 + 13 + 3 + 10
-68
Calculate -10 - (43 + (43 - 106)).
10
Evaluate 111 + -107 - 54 - -28.
-22
Calculate (10 - 3) + -47 + 14 - 31.
-57
20 + (-20 - (16 + (-63 - -22 - -13)))
12
Calculate (-93 - (23 - 95)) 